*3/6 + b**2. Let z(t) = 3*t**2 - 26*t + 15. Let g be z(8). What is v(g)?
-7
Let i(f) = f**2 + 1 + 3*f**2 - 5*f**2 + 2*f**3 + 3*f**2. Let j(g) = -g**3 - 4*g**2 - g + 3. Let y be j(-4). Let p = y - 9. Determine i(p).
-7
Let g(r) = 12*r**2 - 1 - 29*r**3 - 7*r**2 + 27*r**3 + 7 - 4*r. Determine g(3).
-15
Let m(v) be the first derivative of -v**6/360 - v**5/30 - 5*v**4/24 - 4*v**3 + 14. Let y(f) be the third derivative of m(f). Give y(-4).
-5
Let s = 7 + -1. Suppose -3*p = -3 - 6. Let g(m) = -4*m + 0*m - 5*m**2 - p*m**3 + 4*m**3 - 7. Determine g(s).
5
Let b(c) be the first derivative of c**4/4 + 8*c**3/3 - 3*c**2 + 5*c + 58. What is b(-9)?
-22
Let a(o) = o**2. Let n(c) = 3*c**2 - 7*c - 5. Let i(h) = 4*a(h) - n(h). Let x be -3 + 1 + -5 + 3. What is i(x)?
-7
Suppose -106*f + 110*f - 12 = 0. Let v(c) = 3*c**2 + 13*c + 12. Let p(i) = 4*i**2 + 14*i + 13. Let d(k) = f*v(k) - 2*p(k). Give d(-9).
-8
Let f = -22 - -24. Let s(q) = 14*q**2 + q - q**f - 7*q**2 - 4*q**2. Calculate s(1).
3
Let s = -13 - -7. Suppose 4*p + 2*x - 8 = 4*x, -5 = -3*p + 2*x. Let o(k) = 0*k**2 + 5*k**2 - 20*k + 45*k + k**p + 3 - 33*k. What is o(s)?
15
Let w(c) be the first derivative of -c**2/2 - 20*c - 336. Calculate w(-10).
-10
Suppose y - 6 = -2*y. Let v(a) = 5*a**y + 4*a**2 - 10*a**2 - 2*a + 7*a. Suppose 2*m - 21 = -x - 2*x, 4*m = -2*x + 22. Calculate v(x).
0
Let u = -403 + 412. Let k(p) = -p**3 + 9*p**2 + 4. Give k(u).
4
Let p(j) = 2*j + 6. Suppose 4*h - 7*h = 0. Suppose -y - 6 = -h*y. Calculate p(y).
-6
Let z(o) be the third derivative of -o**4/24 + o**3/3 - o**2. Suppose 4*u = -3*l + 40, -5*l = 2*u + u - 52. Let j(r) = 6*r - 45. Let q be j(l). What is z(q)?
-1
Let n be 3*(-14)/(-21) + -18. Let s(v) = -v**2 - 16*v + 5. What is s(n)?
5
Let q(p) = p**3 + 3*p**2 - 3*p - 3. Suppose 0 = -v - 59 + 5. Let k be 12/v + (-38)/(-9). Let u(r) = -2*r + 5. Let d be u(k). Determine q(d).
6
Suppose -29 = t + 4. Let q = 30 + t. Let f(w) = -w**3 - 5*w**2 - w + 4. What is f(q)?
-11
Let i = -40 - -48. Let g(f) = -19*f - 6 - 3 + i. Determine g(-1).
18
Suppose 9*c - 5*c = 44. Let u(r) = 3 + 4 - r - c + 5. Calculate u(-6).
7
Let w(y) = -y**3 + 2*y**2 + 6*y - 3. Let k(b) = -b**3 + 3*b**2 + 7*b - 3. Let c(z) = 3*k(z) - 4*w(z). Suppose -115 = 58*s + 59. Determine c(s).
-6
Let l(q) = q + 12. Let g be (-21)/(-7) + ((-60)/3 - -3). Give l(g).
-2
Let g(k) = -2*k**2 + 57*k - 7. Let a(f) = -5*f**2 + 122*f - 15. Let x(y) = -7*a(y) + 15*g(y). Suppose -2*m - 1 - 1 = 0. Calculate x(m).
4
Let r(s) be the second derivative of s**5/20 + 3*s**4/4 + s**3/3 + 5*s**2/2 + 138*s. Determine r(-9).
-13
Let o(y) = -y**3 - 8*y**2 - 9*y - 8. Let v = -6 - -4. Let g be (-7 + -2)/(-1) + v. Suppose 0*j - g = j. What is o(j)?
6
Let s(c) = 7*c**2 - 29*c + 13. Let k(m) = 3*m**2 - 13*m + 6. Let z(y) = -5*k(y) + 2*s(y). Let w(g) = 5*g - 4. Let p be w(2). Calculate z(p).
2
Let v = 60 - 58. Let n(q) = 4 - 18*q**v - q**3 + 16*q**2 - 3*q - 4*q**2. What is n(-5)?
-6
Let h(i) = -i - 6323*i**3 + 3*i - 1 + 6337*i**3. Give h(1).
15
Let p(d) = -d**3 + 4*d**2 + 12*d - 4. Suppose -18 = -594*m + 591*m. Determine p(m).
-4
Let r(p) = p**3 + 8*p**2 - 23*p - 33. Let d be r(-10). Let l(h) = -h**2 - 2*h - 4. Calculate l(d).
-7
Suppose -2*q = 5*v + 17, -4*q + 10*v = 7*v + 21. Let n(a) = a**3 + 7*a**2 + 9*a + 2. Determine n(q).
-16
Suppose 3*o = 2*s - 6*s + 19, 4*o + 12 = 4*s. Let n(p) = -2*p**2 + 2*p - 3. Let k(f) = -2*f**2 + 2*f - 4. Let v(q) = 2*k(q) - 3*n(q). Calculate v(o).
1
Let a(v) be the second derivative of v**5/20 + 5*v**4/12 + v**3/6 + v**2 - 23*v. Let t = 102 + -107. Determine a(t).
-3
Let u be 9/6*4/3. Suppose 3*x = u*x + 2. Let o(a) = x + a + 3*a - 1 - 2*a. What is o(4)?
9
Suppose -v = -4*s - 19, -2*v + s + 3 + 7 = 0. Let z(k) be the first derivative of k**3/3 - k**2 - 3*k + 1. Give z(v).
0
Let o(c) = 16*c. Suppose 86 + 170 = 16*w. Suppose -26 - 4 = 5*s + 5*v, 0 = s + 3*v + w. Determine o(s).
-16
Let c be 3 - (6 - 3 - (-2)/(-1)). Let n(a) = 9 + c - 5 - 3*a - a**2. Give n(-6).
-12
Let l(h) = -h + 22. Suppose -3*k + 38 = -g, 22 = 4*k - 2*g - 26. What is l(k)?
8
Let u(q) = -q**3 + 9*q**2 + 11*q - 7. Let d be u(10). Let b(p) = -2*p - d*p + p + 3*p - 10. What is b(-8)?
-2
Let x(g) be the first derivative of g**4/4 + 7*g**3/3 + 5*g**2/2 - 5*g + 6. Suppose 31 = -9*r - 23. Calculate x(r).
1
Suppose -d - 6*l - 11 = -4*l, l + 2 = 0. Let y(s) = -s**2. Let x(u) = 3*u**2 - 8*u - 6. Let o(a) = -x(a) - 4*y(a). Calculate o(d).
-1
Let i(u) be the first derivative of -u**2 + 2*u + 49. Give i(2).
-2
Let z(n) = -17*n - 1. Let w(a) = 65*a + 4. Let m(c) = -2*w(c) - 9*z(c). Suppose 0 = o - 5*o + 5*t + 21, 3*t + 17 = -2*o. Give m(o).
-22
Let k be -3*(-8)/6 + -2 + -1. Let u(g) = -10*g**2 + g. Determine u(k).
-9
Let l be (-5 + 1 + 1)/1. Let t(d) = -d**2 - 2*d + 9 + 3*d - 8. Calculate t(l).
-11
Suppose 0 = -2*u + u + 6. Let x(q) = -5*q + 1. Let i(w) = 4*w - 1. Suppose -6*r = -3*r + 15. Let j(s) = r*x(s) - 6*i(s). Determine j(u).
7
Let f(m) = -9*m - 2*m + 6 + 8*m. Determine f(6).
-12
Let j(k) = -k**2 - 9*k + 32. Let g be j(3). Let i(d) = d + 5. What is i(g)?
1
Let c = 235 + -253. Let l(p) = p + 24. Determine l(c).
6
Let m(s) = 61*s - 136 + 136 - 47*s. Give m(2).
28
Suppose i - 20 = -4*i. Let n(y) = -4*y**2 + 3*y - 5. Let u(k) = 5*k**2 - 3*k + 5. Let v(f) = i*n(f) + 3*u(f). Calculate v(4).
-9
Let y be (1/(-1) + 0)/(-1). Let o(l) be the second derivative of -2*l**5/5 + l**3/6 - 338*l. Calculate o(y).
-7
Let u(y) = -3*y**3 + y**2 - 1. Let c be u(-1). Suppose 4*b - 2 = c*b. Let q be b - -1 - 2/(-2). Let r(g) = -g**3 + 3*g**2 + 2*g + 5. Give r(q).
-3
Let o(l) = -l**2 + 2*l - 3. Let u be o(3). Let m = -6 - u. Let z(h) = h**2 + h - 10. Give z(m).
-10
Let v(w) be the first derivative of 3*w**2 + 3*w - 2. Suppose 3*c = -5*u - 22, -5*c - 11 = -2*u + 5. Determine v(u).
-9
Let k(p) = p**3 - 7*p**2 + 4*p - 5. Suppose -4 = -4*x - 0. Let u be (x - 0)/((-5)/(-30)). Give k(u).
-17
Let i(u) = -u**2. Let g(m) = 5*m**2 - 9*m - 6. Let h(f) = g(f) + 4*i(f). Give h(6).
-24
Let q(y) be the third derivative of -y**5/60 - 7*y**4/24 - 5*y**3/6 + 64*y**2. Give q(-4).
7
Let p = 11 + -4. Let c(w) = w + 12 + 11*w - 3 - 13*w. Calculate c(p).
2
Suppose -2*q = 4*n + 54, q + 12 = -0*n + 3*n. Let w(c) = c**3 - 19*c**2 - 20*c + 23. Let k be w(20). Let g = q + k. Let l(h) = 4*h + 2. Calculate l(g).
10
Let q(l) = l**2 + l. Let u(m) = -m**3 + 14*m**2 + 5*m - 14. Let v(x) = 3*q(x) - u(x). Give v(11).
-8
Suppose -4*g - 5*h = -33, -16 = g - 4*h + 2. Let c(s) = -4*s + 2. Give c(g).
-6
Let k(i) = -7*i**2 + i + 1. Let p = -96 - -98. Let g be ((-5)/p - -2)/((-2)/(-4)). Calculate k(g).
-7
Let y(b) = -3*b**3 + 2*b + 1. Let g(w) = -w**3 - 12*w**2 + 12*w - 14. Let m(z) = z**3 + 6*z**2 + 3*z + 5. Let t be m(-6). Let p be g(t). Give y(p).
2
Suppose 0 = -3*j - 0*j. Let m be (2/4 - j)*0. Let q(i) = 2 + 6*i - 7*i + m. What is q(5)?
-3
Let s(g) be the second derivative of -g**5/20 - 2*g**4/3 - g**3/3 + 13*g + 2. Calculate s(-8).
16
Let h(x) = 7 - 126*x - 124*x + 378*x - 127*x. Give h(0).
7
Let s(n) = -n**3 - 3*n**2 + 2*n + 1. Let t be (-8)/20 - 42/(-5). Suppose -4*z + t = -4. Suppose 2*l = -z*l - 15. Give s(l).
-5
Let w(f) be the first derivative of f**2/2 + 50. Give w(7).
7
Let l(q) be the third derivative of 19*q**5/60 - q**4/24 - 89*q**2. Determine l(1).
18
Let p(u) = u**2 + 2462*u - 2462*u - 12*u**3. Suppose x + 3*x = 4. What is p(x)?
-11
Let y(c) be the first derivative of -c**2 - 7*c + 6. Suppose 19*w - 10*w + 63 = 0. Determine y(w).
7
Let w = -25 + 27. Let o = w - -1. Let y = o + 0. Let j(i) = i**2 - 5*i. Calculate j(y).
-6
Let x(d) = -d**2 - 7*d + 7. Let i be (2/(-4))/((100/56)/25). Determine x(i).
7
Let o(x) be the second derivative of x**4/6 + 11*x**3/6 - 2*x**2 - x. Let g be o(-6). Let v(s) = -3*s - 2. Calculate v(g).
-8
Suppose 0 = -g + p + 8 - 17, -17 = g - 3*p. Let a(l) = l**2 + 7*l + 5. What is a(g)?
-5
Let j(p) be the first derivative of -p**3/3 + 5*p**2 - 5*p - 4. What is j(7)?
16
Let s be 38/14 - (-2)/7. Let m(u) = 2*u - 2. Let q(c) = -2*c + 1. Let j(h) = 2*h**2 + 12*h - 11. Let l be j(-7). Let n(b) = l*m(b) + 4*q(b). What is n(s)?
-8
Let h(u) = 84 - 37*u - 55 - 30. Calculate h(-1).
36
Let t(l) = -l - 7. Let f = -393 + 380. Calculate t(f).
6
Suppose j = 5*j + 24. Let o(v) = 2 - 1 + 3 + 2*v + 3. Determine o